{"id":310,"date":"2014-06-02T20:59:40","date_gmt":"2014-06-02T19:59:40","guid":{"rendered":"http:\/\/pimpaud.free.fr\/wordpress\/?page_id=310"},"modified":"2019-03-14T18:12:40","modified_gmt":"2019-03-14T17:12:40","slug":"atlas-archeologique-de-thebes-ouest","status":"publish","type":"page","link":"http:\/\/www.archeo3d.net\/?page_id=310","title":{"rendered":"Atlas arch\u00e9ologique de Th\u00e8bes-Ouest"},"content":{"rendered":"<p>De 2008 \u00e0 2013, j&rsquo;ai \u00e9t\u00e9 recrut\u00e9 par le Minist\u00e8re fran\u00e7ais des Affaires Etrang\u00e8res pour \u00eatre envoy\u00e9 aupr\u00e8s du Conseil Supr\u00eame des Antiquit\u00e9s de l&rsquo;Egypte, -aujourd&rsquo;hui le Minist\u00e8re d&rsquo;Etat des Antiquit\u00e9s (MSA)-, afin de mettre en place, au sein de son d\u00e9partement SIG , une carte arch\u00e9ologique de Th\u00e8bes-Ouest. Ce travail, r\u00e9alis\u00e9 en collaboration avec l&rsquo;\u00e9quipe \u00e9gyptienne du Minist\u00e8re, et sous la direction scientifique de Christian Leblanc, directeur de la MAFTO, a donn\u00e9 lieu \u00e0 l&rsquo;\u00e9laboration d&rsquo;une g\u00e9odatabase fonctionnant sous ESRI ArcGIS et Microsoft Access, et accessible en interne au personnel du Minist\u00e8re. Afin de rendre les r\u00e9sultats de ce travail durablement accessibles et p\u00e9rennes, il a \u00e9t\u00e9 d\u00e9cid\u00e9, avec Christian Leblanc et avec le soutien technique de l&rsquo;Ifao, d&rsquo;en \u00e9diter une version imprim\u00e9e sous la forme d&rsquo;un atlas arch\u00e9ologique.<\/p>\n","protected":false},"excerpt":{"rendered":"<p class=\"excerpt\">De 2008 \u00e0 2013, j&rsquo;ai \u00e9t\u00e9 recrut\u00e9 par le Minist\u00e8re fran\u00e7ais des Affaires Etrang\u00e8res pour \u00eatre envoy\u00e9 aupr\u00e8s du Conseil Supr\u00eame des Antiquit\u00e9s de l&rsquo;Egypte, -aujourd&rsquo;hui le Minist\u00e8re d&rsquo;Etat des Antiquit\u00e9s (MSA)-, afin de mettre en place, au sein de son d\u00e9partement SIG , une carte arch\u00e9ologique de Th\u00e8bes-Ouest. Ce travail, r\u00e9alis\u00e9 en collaboration avec l&rsquo;\u00e9quipe \u00e9gyptienne du Minist\u00e8re, et&hellip; <a href=\"http:\/\/www.archeo3d.net\/?page_id=310\">Read more &rarr;<\/a><\/p>\n","protected":false},"author":1,"featured_media":0,"parent":386,"menu_order":0,"comment_status":"open","ping_status":"closed","template":"page-templates\/page_ss.php","meta":{"spay_email":""},"jetpack_sharing_enabled":true,"jetpack_shortlink":"https:\/\/wp.me\/P9Yk8b-50","_links":{"self":[{"href":"http:\/\/www.archeo3d.net\/index.php?rest_route=\/wp\/v2\/pages\/310"}],"collection":[{"href":"http:\/\/www.archeo3d.net\/index.php?rest_route=\/wp\/v2\/pages"}],"about":[{"href":"http:\/\/www.archeo3d.net\/index.php?rest_route=\/wp\/v2\/types\/page"}],"author":[{"embeddable":true,"href":"http:\/\/www.archeo3d.net\/index.php?rest_route=\/wp\/v2\/users\/1"}],"replies":[{"embeddable":true,"href":"http:\/\/www.archeo3d.net\/index.php?rest_route=%2Fwp%2Fv2%2Fcomments&post=310"}],"version-history":[{"count":3,"href":"http:\/\/www.archeo3d.net\/index.php?rest_route=\/wp\/v2\/pages\/310\/revisions"}],"predecessor-version":[{"id":944,"href":"http:\/\/www.archeo3d.net\/index.php?rest_route=\/wp\/v2\/pages\/310\/revisions\/944"}],"up":[{"embeddable":true,"href":"http:\/\/www.archeo3d.net\/index.php?rest_route=\/wp\/v2\/pages\/386"}],"wp:attachment":[{"href":"http:\/\/www.archeo3d.net\/index.php?rest_route=%2Fwp%2Fv2%2Fmedia&parent=310"}],"curies":[{"name":"wp","href":"https:\/\/api.w.org\/{rel}","templated":true}]}}