{"id":98,"date":"2007-08-13T12:48:24","date_gmt":"2007-08-13T11:48:24","guid":{"rendered":"http:\/\/albanbrice.pimpaud.free.fr\/wordpress\/?page_id=98"},"modified":"2019-03-29T00:09:31","modified_gmt":"2019-03-28T23:09:31","slug":"note-biographique","status":"publish","type":"page","link":"http:\/\/www.archeo3d.net\/?page_id=98","title":{"rendered":"Notice biographique"},"content":{"rendered":"<div id=\"attachment_337\" style=\"width: 160px\" class=\"wp-caption alignleft\"><img aria-describedby=\"caption-attachment-337\" data-attachment-id=\"337\" data-permalink=\"http:\/\/www.archeo3d.net\/?attachment_id=337\" data-orig-file=\"http:\/\/www.archeo3d.net\/wp-content\/uploads\/pimpaud_alban.jpg\" data-orig-size=\"150,200\" data-comments-opened=\"1\" data-image-meta=\"{&quot;aperture&quot;:&quot;0&quot;,&quot;credit&quot;:&quot;&quot;,&quot;camera&quot;:&quot;&quot;,&quot;caption&quot;:&quot;&quot;,&quot;created_timestamp&quot;:&quot;0&quot;,&quot;copyright&quot;:&quot;&quot;,&quot;focal_length&quot;:&quot;0&quot;,&quot;iso&quot;:&quot;0&quot;,&quot;shutter_speed&quot;:&quot;0&quot;,&quot;title&quot;:&quot;&quot;}\" data-image-title=\"pimpaud_alban\" data-image-description=\"\" data-medium-file=\"http:\/\/www.archeo3d.net\/wp-content\/uploads\/pimpaud_alban.jpg\" data-large-file=\"http:\/\/www.archeo3d.net\/wp-content\/uploads\/pimpaud_alban.jpg\" loading=\"lazy\" class=\"wp-image-337 size-full\" src=\"http:\/\/pimpaud.free.fr\/wordpress\/wp-content\/uploads\/pimpaud_alban.jpg\" alt=\"Alban-Brice Pimpaud\" width=\"150\" height=\"200\" \/><p id=\"caption-attachment-337\" class=\"wp-caption-text\">Alban-Brice Pimpaud Arch\u00e9ologue infographiste<\/p><\/div>\n<div id=\"attachment_258\" style=\"width: 310px\" class=\"wp-caption alignright\"><img aria-describedby=\"caption-attachment-258\" data-attachment-id=\"258\" data-permalink=\"http:\/\/www.archeo3d.net\/?attachment_id=258\" data-orig-file=\"http:\/\/www.archeo3d.net\/wp-content\/uploads\/villa1.jpg\" data-orig-size=\"1024,768\" data-comments-opened=\"1\" data-image-meta=\"{&quot;aperture&quot;:&quot;0&quot;,&quot;credit&quot;:&quot;&quot;,&quot;camera&quot;:&quot;&quot;,&quot;caption&quot;:&quot;&quot;,&quot;created_timestamp&quot;:&quot;0&quot;,&quot;copyright&quot;:&quot;&quot;,&quot;focal_length&quot;:&quot;0&quot;,&quot;iso&quot;:&quot;0&quot;,&quot;shutter_speed&quot;:&quot;0&quot;,&quot;title&quot;:&quot;&quot;}\" data-image-title=\"La Villa du Paon\" data-image-description=\"\" data-medium-file=\"http:\/\/www.archeo3d.net\/wp-content\/uploads\/villa1-300x225.jpg\" data-large-file=\"http:\/\/www.archeo3d.net\/wp-content\/uploads\/villa1.jpg\" loading=\"lazy\" class=\"wp-image-258 size-medium\" title=\"La Villa du Paon, Vaison-la-Romaine\" src=\"http:\/\/pimpaud.free.fr\/wordpress\/wp-content\/uploads\/villa1-300x225.jpg\" alt=\"La Villa du Paon, Vaison-la-Romaine\" width=\"300\" height=\"225\" srcset=\"http:\/\/www.archeo3d.net\/wp-content\/uploads\/villa1-300x225.jpg 300w, http:\/\/www.archeo3d.net\/wp-content\/uploads\/villa1.jpg 1024w\" sizes=\"(max-width: 300px) 100vw, 300px\" \/><p id=\"caption-attachment-258\" class=\"wp-caption-text\">La Villa du Paon<\/p><\/div>\n<p>Apr\u00e8s <strong>un cursus en arch\u00e9ologie<\/strong> qui m&rsquo;a amen\u00e9 \u00e0 \u00e9tudier le b\u00e9n\u00e9fice que cette discipline pouvait attendre de son association avec les technologies de l&rsquo;information et de la communication (ressources en informations \u00e9lectroniques, images de synth\u00e8se, etc), je me suis form\u00e9 aux <strong>principaux logiciels graphiques et multim\u00e9dia<\/strong> en suivant des stages et formations, puis en obtenant le dipl\u00f4me \u00ab\u00a0Hyperm\u00e9dia et \u00e9criture \u00e9lectronique\u00a0\u00bb de l&rsquo;universit\u00e9 Paris 8. Cette formation m&rsquo;a permis de <strong>mettre en application mes deux comp\u00e9tences<\/strong> dans le cadre du projet de fin d&rsquo;\u00e9tude <a title=\"La villa du Paon\" href=\"http:\/\/albanbrice.pimpaud.free.fr\/wordpress\/?a=phpwebgallery&amp;ToWebGallery=index.php?\/category\/26\"><em>La villa du Paon<\/em><\/a>, &#8211; visite virtuelle en 3D pr\u00e9calcul\u00e9e d&rsquo;une villa antique \u00e0 Vaison-la-Romaine -, dont la r\u00e9alisation fut r\u00e9compens\u00e9e par l&rsquo;obtention d&rsquo;une bourse offerte par la <acronym title=\"Soci\u00e9t\u00e9 Civile des Auteurs Multim\u00e9dia\">SCAM<\/acronym>.<\/p>\n<p>Je fus ensuite recrut\u00e9 \u00e0 la Mission de la recherche et de la technologie du <strong>Minist\u00e8re de la culture et de la communication<\/strong> pour assurer la conception et du suivi de la r\u00e9alisation de trois sites internet publi\u00e9s dans la collection \u00ab\u00a0Grands sites arch\u00e9ologiques\u00a0\u00bb : <em><a title=\"Les Hommes des lacs. Vivre \u00e0 Chalain et \u00e0 Clairvaux il y a 5000 ans\" href=\"http:\/\/www.chalain.culture.gouv.fr\/\" target=\"_blank\" rel=\"noopener noreferrer\">Les Hommes des Lacs<\/a><\/em>, <a title=\"Paris, ville antique\" href=\"http:\/\/www.paris.culture.fr\/\" target=\"_blank\" rel=\"noopener noreferrer\"><em>Paris ville antique<\/em><\/a> et <a title=\"Chasseur de la Pr\u00e9histoire. L'Homme de Tautavel, il y a 450 000 ans\" href=\"http:\/\/www.tautavel.culture.gouv.fr\/\" target=\"_blank\" rel=\"noopener noreferrer\"><em>Chasseur de la Pr\u00e9histoire<\/em><\/a>. En plus de la sc\u00e9narisation, j&rsquo;ai contribu\u00e9 \u00e0 produire les documents diffus\u00e9s sur ces sites en r\u00e9alisant entre autres des restitutions 3D en images de synth\u00e8se. Ces r\u00e9alisations furent r\u00e9compens\u00e9es par l&rsquo;obtention des <a title=\"Prix M\u00f6bius 2003 pour \u201cParis, ville antique\u201d\" href=\"http:\/\/pimpaud.free.fr\/wordpress\/?p=4\" target=\"_blank\" rel=\"noopener noreferrer\"><strong>Prix internationaux M\u00f6bius<\/strong><\/a> et <a title=\"Paris, a Roman city prim\u00e9 au World Summit Award\" href=\"http:\/\/pimpaud.free.fr\/wordpress\/?p=13\" target=\"_blank\" rel=\"noopener noreferrer\"><strong>World Summit Award<\/strong><\/a> pour le site <em><a title=\"Paris, ville antique\" href=\"http:\/\/www.paris.culture.fr\/\" target=\"_blank\" rel=\"noopener noreferrer\">Paris, ville antique<\/a><\/em>.<\/p>\n<div id=\"attachment_216\" style=\"width: 160px\" class=\"wp-caption alignleft\"><img aria-describedby=\"caption-attachment-216\" data-attachment-id=\"216\" data-permalink=\"http:\/\/www.archeo3d.net\/?attachment_id=216\" data-orig-file=\"http:\/\/www.archeo3d.net\/wp-content\/uploads\/no52_exp_def_1280.jpg\" data-orig-size=\"640,1280\" data-comments-opened=\"1\" data-image-meta=\"{&quot;aperture&quot;:&quot;0&quot;,&quot;credit&quot;:&quot;&quot;,&quot;camera&quot;:&quot;&quot;,&quot;caption&quot;:&quot;&quot;,&quot;created_timestamp&quot;:&quot;0&quot;,&quot;copyright&quot;:&quot;&quot;,&quot;focal_length&quot;:&quot;0&quot;,&quot;iso&quot;:&quot;0&quot;,&quot;shutter_speed&quot;:&quot;0&quot;,&quot;title&quot;:&quot;&quot;}\" data-image-title=\"\" data-image-description=\"\" data-medium-file=\"http:\/\/www.archeo3d.net\/wp-content\/uploads\/no52_exp_def_1280-150x300.jpg\" data-large-file=\"http:\/\/www.archeo3d.net\/wp-content\/uploads\/no52_exp_def_1280-512x1024.jpg\" loading=\"lazy\" class=\"wp-image-216 size-medium\" src=\"http:\/\/pimpaud.free.fr\/wordpress\/wp-content\/uploads\/no52_exp_def_1280-150x300.jpg\" alt=\"August\u00e9um de N\u00eemes\" width=\"150\" height=\"300\" srcset=\"http:\/\/www.archeo3d.net\/wp-content\/uploads\/no52_exp_def_1280-150x300.jpg 150w, http:\/\/www.archeo3d.net\/wp-content\/uploads\/no52_exp_def_1280-512x1024.jpg 512w, http:\/\/www.archeo3d.net\/wp-content\/uploads\/no52_exp_def_1280.jpg 640w\" sizes=\"(max-width: 150px) 100vw, 150px\" \/><p id=\"caption-attachment-216\" class=\"wp-caption-text\">August\u00e9um de N\u00eemes<\/p><\/div>\n<p>Apr\u00e8s quatre ann\u00e9es pass\u00e9es au service du <strong>Minist\u00e8re de la culture<\/strong>, et apr\u00e8s avoir collabor\u00e9 notamment au site de c\u00e9l\u00e9bration du bicentenaire de la naissance de <a title=\"Visite virtuelle de Nohant\" href=\"http:\/\/pimpaud.free.fr\/wordpress\/?p=68\" target=\"_blank\" rel=\"noopener noreferrer\">George Sand<\/a> (r\u00e9alisation de vues panoramiques), au volume des Grands Sites Arch\u00e9ologiques consacr\u00e9 \u00e0 <a title=\"La basilique de Saint-Denis en 3D\" href=\"http:\/\/pimpaud.free.fr\/wordpress\/?p=41\" target=\"_blank\" rel=\"noopener noreferrer\">la ville m\u00e9di\u00e9vale de Saint-Denis<\/a> (reconstitutions 3D), aux Journ\u00e9es du Patrimoine ( visite virtuelle du bureau du Ministre), au projet de num\u00e9risation de la chapelle et de la cour d&rsquo;honneur de la Sorbonne et au projet de r\u00e9alisation d&rsquo;un site internet d&rsquo;informations patrimoniales et touristiques au Cambodge et en Tha\u00eflande, je me suis inscrit \u00e0 la Maison des Artistes en tant qu&rsquo;<strong>infographiste 3D \/ 2D ind\u00e9pendant<\/strong>.<\/p>\n<div id=\"attachment_355\" style=\"width: 310px\" class=\"wp-caption alignright\"><img aria-describedby=\"caption-attachment-355\" data-attachment-id=\"355\" data-permalink=\"http:\/\/www.archeo3d.net\/?attachment_id=355\" data-orig-file=\"http:\/\/www.archeo3d.net\/wp-content\/uploads\/Thebes_contours.jpg\" data-orig-size=\"1500,600\" data-comments-opened=\"0\" data-image-meta=\"{&quot;aperture&quot;:&quot;0&quot;,&quot;credit&quot;:&quot;&quot;,&quot;camera&quot;:&quot;&quot;,&quot;caption&quot;:&quot;&quot;,&quot;created_timestamp&quot;:&quot;0&quot;,&quot;copyright&quot;:&quot;&quot;,&quot;focal_length&quot;:&quot;0&quot;,&quot;iso&quot;:&quot;0&quot;,&quot;shutter_speed&quot;:&quot;0&quot;,&quot;title&quot;:&quot;&quot;}\" data-image-title=\"Topographie 3D de Th\u00e8bes\" data-image-description=\"\" data-medium-file=\"http:\/\/www.archeo3d.net\/wp-content\/uploads\/Thebes_contours-300x120.jpg\" data-large-file=\"http:\/\/www.archeo3d.net\/wp-content\/uploads\/Thebes_contours-1024x409.jpg\" loading=\"lazy\" class=\"wp-image-355 size-medium\" src=\"http:\/\/pimpaud.free.fr\/wordpress\/wp-content\/uploads\/Thebes_contours-300x120.jpg\" alt=\"Mod\u00e8le Num\u00e9rique de Terrain de Th\u00e8bes-Ouest\" width=\"300\" height=\"120\" srcset=\"http:\/\/www.archeo3d.net\/wp-content\/uploads\/Thebes_contours-300x120.jpg 300w, http:\/\/www.archeo3d.net\/wp-content\/uploads\/Thebes_contours-1024x409.jpg 1024w, http:\/\/www.archeo3d.net\/wp-content\/uploads\/Thebes_contours.jpg 1500w\" sizes=\"(max-width: 300px) 100vw, 300px\" \/><p id=\"caption-attachment-355\" class=\"wp-caption-text\">Mod\u00e8le Num\u00e9rique de Terrain de Th\u00e8bes-Ouest<\/p><\/div>\n<p>Jusqu&rsquo;en 2008, je suis intervenu sur <strong>de nombreux projets pour diff\u00e9rents acteurs<\/strong> : r\u00e9alisation de cartes et de plans pour les <strong>Cahiers de Science &amp; Vie<\/strong>, restitution architecturale pour l&rsquo;agence <strong>Arist\u00e9as<\/strong>, pour <strong>Amak<\/strong> productions, pour <strong>Paris Mus\u00e9es<\/strong>, mod\u00e9lisation de b\u00e2timents et r\u00e9alisation de vue perspective pour les agences d&rsquo;architectes; les mod\u00e8les 3D des monuments antiques de Lut\u00e8ce que j&rsquo;avais r\u00e9alis\u00e9s ont d&rsquo;ailleurs \u00e9t\u00e9 r\u00e9utilis\u00e9s \u00e0 maintes reprises, notamment dans un volume de l&rsquo;\u00e9mission <strong>Des Racines et des Ailes<\/strong>, ainsi qu&rsquo;au sein du produit transm\u00e9dia d\u00e9velopp\u00e9 par <strong>Dassault Systemes<\/strong> : <a title=\"Paris 3D Saga\" href=\"http:\/\/paris.3ds.com\" target=\"_blank\" rel=\"noopener noreferrer\"><strong>Paris 3D Saga<\/strong><\/a>.<\/p>\n<p>Entre 2008 et 2014, j&rsquo;ai mis entre parenth\u00e8se mon activit\u00e9 apr\u00e8s avoir \u00e9t\u00e9 recrut\u00e9 par le<strong> Minist\u00e8re des Affaires \u00c9trang\u00e8res et Europ\u00e9ennes<\/strong> et envoy\u00e9 au Caire et \u00e0 Louqsor afin de r\u00e9aliser, pour le compte du <strong>Minist\u00e8re d\u2019\u00c9tat des Antiquit\u00e9s de l\u2019\u00c9gypte<\/strong> la carte arch\u00e9ologique de Th\u00e8bes-Ouest, dans le cadre de la coop\u00e9ration franco-\u00e9gyptienne et sous la supervision de Christian Leblanc (directeur de la <a title=\"Mission arch\u00e9ologique fran\u00e7aise de Th\u00e8bes-Ouest\" href=\"http:\/\/www.mafto.fr\" target=\"_blank\" rel=\"noopener noreferrer\">Mission arch\u00e9ologique fran\u00e7aise de Th\u00e8bes-Ouest<\/a>).<\/p>\n<p>Depuis 2014, je me suis r\u00e9install\u00e9 en France (d\u00e9sormais \u00e0 Montpellier), et fort de mes exp\u00e9riences, j&rsquo;ai d\u00e9cid\u00e9 de me mettre \u00e0 nouveau \u00e0 mon compte afin d&rsquo;offrir <strong>une gamme compl\u00e8te de services num\u00e9riques<\/strong> d\u00e9di\u00e9s \u00e0 l&rsquo;architecture et au patrimoine, en associant num\u00e9risation, reconstitution 3D, cartographie, base de donn\u00e9es et diffusion multisupport.<\/p>\n","protected":false},"excerpt":{"rendered":"<p class=\"excerpt\">Apr\u00e8s un cursus en arch\u00e9ologie qui m&rsquo;a amen\u00e9 \u00e0 \u00e9tudier le b\u00e9n\u00e9fice que cette discipline pouvait attendre de son association avec les technologies de l&rsquo;information et de la communication (ressources en informations \u00e9lectroniques, images de synth\u00e8se, etc), je me suis form\u00e9 aux principaux logiciels graphiques et multim\u00e9dia en suivant des stages et formations, puis en obtenant le dipl\u00f4me \u00ab\u00a0Hyperm\u00e9dia et&hellip; <a href=\"http:\/\/www.archeo3d.net\/?page_id=98\">Read more &rarr;<\/a><\/p>\n","protected":false},"author":1,"featured_media":337,"parent":2,"menu_order":0,"comment_status":"closed","ping_status":"closed","template":"","meta":{"spay_email":""},"jetpack_sharing_enabled":true,"jetpack_shortlink":"https:\/\/wp.me\/P9Yk8b-1A","_links":{"self":[{"href":"http:\/\/www.archeo3d.net\/index.php?rest_route=\/wp\/v2\/pages\/98"}],"collection":[{"href":"http:\/\/www.archeo3d.net\/index.php?rest_route=\/wp\/v2\/pages"}],"about":[{"href":"http:\/\/www.archeo3d.net\/index.php?rest_route=\/wp\/v2\/types\/page"}],"author":[{"embeddable":true,"href":"http:\/\/www.archeo3d.net\/index.php?rest_route=\/wp\/v2\/users\/1"}],"replies":[{"embeddable":true,"href":"http:\/\/www.archeo3d.net\/index.php?rest_route=%2Fwp%2Fv2%2Fcomments&post=98"}],"version-history":[{"count":27,"href":"http:\/\/www.archeo3d.net\/index.php?rest_route=\/wp\/v2\/pages\/98\/revisions"}],"predecessor-version":[{"id":3149,"href":"http:\/\/www.archeo3d.net\/index.php?rest_route=\/wp\/v2\/pages\/98\/revisions\/3149"}],"up":[{"embeddable":true,"href":"http:\/\/www.archeo3d.net\/index.php?rest_route=\/wp\/v2\/pages\/2"}],"wp:featuredmedia":[{"embeddable":true,"href":"http:\/\/www.archeo3d.net\/index.php?rest_route=\/wp\/v2\/media\/337"}],"wp:attachment":[{"href":"http:\/\/www.archeo3d.net\/index.php?rest_route=%2Fwp%2Fv2%2Fmedia&parent=98"}],"curies":[{"name":"wp","href":"https:\/\/api.w.org\/{rel}","templated":true}]}}