{"id":1130,"date":"2016-09-29T14:03:07","date_gmt":"2016-09-29T13:03:07","guid":{"rendered":"http:\/\/pimpaud.free.fr\/wordpress\/?page_id=1130"},"modified":"2019-03-28T18:52:45","modified_gmt":"2019-03-28T17:52:45","slug":"videos","status":"publish","type":"page","link":"https:\/\/www.archeo3d.net\/?page_id=1130","title":{"rendered":"Vid\u00e9os"},"content":{"rendered":"\n<figure><iframe src=\"https:\/\/player.vimeo.com\/video\/260056094\" webkitallowfullscreen=\"\" mozallowfullscreen=\"\" allowfullscreen=\"\" width=\"640\" height=\"360\" frameborder=\"0\"><\/iframe><\/figure>\n\n\n\n<p><a href=\"https:\/\/vimeo.com\/260056094\">Villa de Diom\u00e8de<\/a> from <a href=\"https:\/\/vimeo.com\/archeo\">Alban-Brice Pimpaud<\/a> on <a href=\"https:\/\/vimeo.com\">Vimeo<\/a>.<\/p>\n\n\n\n<figure><iframe src=\"https:\/\/player.vimeo.com\/video\/197951645\" allowfullscreen=\"allowfullscreen\" width=\"640\" height=\"360\" frameborder=\"0\"><\/iframe><\/figure>\n\n\n\n<p><a href=\"https:\/\/vimeo.com\/197951645\">Sanctuaire de la Fontaine, N\u00eemes<\/a> from <a href=\"https:\/\/vimeo.com\/user29686282\">Alban-Brice Pimpaud<\/a> on <a href=\"https:\/\/vimeo.com\">Vimeo<\/a>.<\/p>\n\n\n\n<figure><iframe src=\"https:\/\/player.vimeo.com\/video\/184848326\" allowfullscreen=\"allowfullscreen\" width=\"640\" height=\"360\" frameborder=\"0\"><\/iframe><\/figure>\n\n\n\n<p><a href=\"https:\/\/vimeo.com\/184848326\">Nimes antique, vues du forum et du sanctuaire de la fontaine<\/a> from <a href=\"https:\/\/vimeo.com\/user29686282\">Alban-Brice Pimpaud<\/a> on <a href=\"https:\/\/vimeo.com\">Vimeo<\/a>.<\/p>\n\n\n\n<figure><iframe src=\"https:\/\/player.vimeo.com\/video\/184849008\" allowfullscreen=\"allowfullscreen\" width=\"640\" height=\"360\" frameborder=\"0\"><\/iframe><\/figure>\n\n\n\n<p><a href=\"https:\/\/vimeo.com\/184849008\">Evocation du village n\u00e9olithique de Chalain 19<\/a> from <a href=\"https:\/\/vimeo.com\/user29686282\">Alban-Brice Pimpaud<\/a> on <a href=\"https:\/\/vimeo.com\">Vimeo<\/a>.<\/p>\n\n\n\n<figure><iframe src=\"https:\/\/player.vimeo.com\/video\/99648997\" allowfullscreen=\"allowfullscreen\" width=\"640\" height=\"480\" frameborder=\"0\"><\/iframe><\/figure>\n\n\n\n<p><a href=\"https:\/\/vimeo.com\/99648997\">Forum de Lut\u00e8ce, 1<\/a> from <a href=\"https:\/\/vimeo.com\/user29686282\">Alban-Brice Pimpaud<\/a> on <a href=\"https:\/\/vimeo.com\">Vimeo<\/a>.<\/p>\n\n\n\n<figure><iframe src=\"https:\/\/player.vimeo.com\/video\/99648998\" allowfullscreen=\"allowfullscreen\" width=\"640\" height=\"480\" frameborder=\"0\"><\/iframe><\/figure>\n\n\n\n<p><a href=\"https:\/\/vimeo.com\/99648998\">Forum de Lut\u00e8ce, 2<\/a> from <a href=\"https:\/\/vimeo.com\/user29686282\">Alban-Brice Pimpaud<\/a> on <a href=\"https:\/\/vimeo.com\">Vimeo<\/a>.<\/p>\n\n\n\n<figure><iframe src=\"https:\/\/player.vimeo.com\/video\/99655895\" allowfullscreen=\"allowfullscreen\" width=\"640\" height=\"480\" frameborder=\"0\"><\/iframe><\/figure>\n\n\n\n<p><a href=\"https:\/\/vimeo.com\/99655895\">Forum de Lut\u00e8ce, 3<\/a> from <a href=\"https:\/\/vimeo.com\/user29686282\">Alban-Brice Pimpaud<\/a> on <a href=\"https:\/\/vimeo.com\">Vimeo<\/a>.<\/p>\n","protected":false},"excerpt":{"rendered":"<p class=\"excerpt\">Villa de Diom\u00e8de from Alban-Brice Pimpaud on Vimeo. Sanctuaire de la Fontaine, N\u00eemes from Alban-Brice Pimpaud on Vimeo. Nimes antique, vues du forum et du sanctuaire de la fontaine from Alban-Brice Pimpaud on Vimeo. Evocation du village n\u00e9olithique de Chalain 19 from Alban-Brice Pimpaud on Vimeo. Forum de Lut\u00e8ce, 1 from Alban-Brice Pimpaud on Vimeo. Forum de Lut\u00e8ce, 2 from&hellip; <a href=\"https:\/\/www.archeo3d.net\/?page_id=1130\">Read more &rarr;<\/a><\/p>\n","protected":false},"author":1,"featured_media":0,"parent":301,"menu_order":0,"comment_status":"closed","ping_status":"closed","template":"","meta":{"spay_email":""},"jetpack_sharing_enabled":true,"jetpack_shortlink":"https:\/\/wp.me\/P9Yk8b-ie","_links":{"self":[{"href":"https:\/\/www.archeo3d.net\/index.php?rest_route=\/wp\/v2\/pages\/1130"}],"collection":[{"href":"https:\/\/www.archeo3d.net\/index.php?rest_route=\/wp\/v2\/pages"}],"about":[{"href":"https:\/\/www.archeo3d.net\/index.php?rest_route=\/wp\/v2\/types\/page"}],"author":[{"embeddable":true,"href":"https:\/\/www.archeo3d.net\/index.php?rest_route=\/wp\/v2\/users\/1"}],"replies":[{"embeddable":true,"href":"https:\/\/www.archeo3d.net\/index.php?rest_route=%2Fwp%2Fv2%2Fcomments&post=1130"}],"version-history":[{"count":7,"href":"https:\/\/www.archeo3d.net\/index.php?rest_route=\/wp\/v2\/pages\/1130\/revisions"}],"predecessor-version":[{"id":3130,"href":"https:\/\/www.archeo3d.net\/index.php?rest_route=\/wp\/v2\/pages\/1130\/revisions\/3130"}],"up":[{"embeddable":true,"href":"https:\/\/www.archeo3d.net\/index.php?rest_route=\/wp\/v2\/pages\/301"}],"wp:attachment":[{"href":"https:\/\/www.archeo3d.net\/index.php?rest_route=%2Fwp%2Fv2%2Fmedia&parent=1130"}],"curies":[{"name":"wp","href":"https:\/\/api.w.org\/{rel}","templated":true}]}}