{"id":1392,"date":"2017-01-08T22:14:15","date_gmt":"2017-01-08T21:14:15","guid":{"rendered":"http:\/\/pimpaud.free.fr\/wordpress\/?page_id=1392"},"modified":"2019-03-27T16:02:11","modified_gmt":"2019-03-27T15:02:11","slug":"pompei","status":"publish","type":"page","link":"https:\/\/www.archeo3d.net\/?page_id=1392","title":{"rendered":"Pomp\u00e9i"},"content":{"rendered":"<div data-carousel-extra='{\"blog_id\":1,\"permalink\":\"https:\\\/\\\/www.archeo3d.net\\\/?page_id=1392\"}' id='gallery-1' class='gallery galleryid-1392 gallery-columns-5 gallery-size-thumbnail'><dl class='gallery-item'>\n\t\t\t<dt class='gallery-icon portrait'>\n\t\t\t\t<img width=\"150\" height=\"150\" src=\"https:\/\/www.archeo3d.net\/wp-content\/uploads\/stabies_int_def_exp_1024-150x150.jpg\" class=\"attachment-thumbnail size-thumbnail\" alt=\"\" loading=\"lazy\" aria-describedby=\"gallery-1-605\" srcset=\"https:\/\/www.archeo3d.net\/wp-content\/uploads\/stabies_int_def_exp_1024-150x150.jpg 150w, https:\/\/www.archeo3d.net\/wp-content\/uploads\/stabies_int_def_exp_1024-100x100.jpg 100w\" sizes=\"(max-width: 150px) 100vw, 150px\" data-attachment-id=\"605\" data-permalink=\"https:\/\/www.archeo3d.net\/?attachment_id=605\" data-orig-file=\"https:\/\/www.archeo3d.net\/wp-content\/uploads\/stabies_int_def_exp_1024.jpg\" data-orig-size=\"731,1024\" data-comments-opened=\"0\" data-image-meta=\"{&quot;aperture&quot;:&quot;0&quot;,&quot;credit&quot;:&quot;&quot;,&quot;camera&quot;:&quot;&quot;,&quot;caption&quot;:&quot;&quot;,&quot;created_timestamp&quot;:&quot;0&quot;,&quot;copyright&quot;:&quot;&quot;,&quot;focal_length&quot;:&quot;0&quot;,&quot;iso&quot;:&quot;0&quot;,&quot;shutter_speed&quot;:&quot;0&quot;,&quot;title&quot;:&quot;&quot;}\" data-image-title=\"stabies_int_def_exp_1024\" data-image-description=\"&lt;p&gt;Thermes de Stabies, Pomp\u00e9i&lt;\/p&gt;\n\" data-medium-file=\"https:\/\/www.archeo3d.net\/wp-content\/uploads\/stabies_int_def_exp_1024-214x300.jpg\" data-large-file=\"https:\/\/www.archeo3d.net\/wp-content\/uploads\/stabies_int_def_exp_1024.jpg\" \/>\n\t\t\t<\/dt>\n\t\t\t\t<dd class='wp-caption-text gallery-caption' id='gallery-1-605'>\n\t\t\t\tThermes de Stabies, Pomp\u00e9i\n\t\t\t\t<\/dd><\/dl><dl class='gallery-item'>\n\t\t\t<dt class='gallery-icon landscape'>\n\t\t\t\t<img width=\"150\" height=\"150\" src=\"https:\/\/www.archeo3d.net\/wp-content\/uploads\/rue_def_exp_v3_1024-150x150.jpg\" class=\"attachment-thumbnail size-thumbnail\" alt=\"Rue de l&#039;Abondance, Pomp\u00e9i\" loading=\"lazy\" aria-describedby=\"gallery-1-607\" srcset=\"https:\/\/www.archeo3d.net\/wp-content\/uploads\/rue_def_exp_v3_1024-150x150.jpg 150w, https:\/\/www.archeo3d.net\/wp-content\/uploads\/rue_def_exp_v3_1024-100x100.jpg 100w\" sizes=\"(max-width: 150px) 100vw, 150px\" data-attachment-id=\"607\" data-permalink=\"https:\/\/www.archeo3d.net\/?attachment_id=607\" data-orig-file=\"https:\/\/www.archeo3d.net\/wp-content\/uploads\/rue_def_exp_v3_1024.jpg\" data-orig-size=\"1024,614\" data-comments-opened=\"0\" data-image-meta=\"{&quot;aperture&quot;:&quot;0&quot;,&quot;credit&quot;:&quot;&quot;,&quot;camera&quot;:&quot;&quot;,&quot;caption&quot;:&quot;&quot;,&quot;created_timestamp&quot;:&quot;0&quot;,&quot;copyright&quot;:&quot;&quot;,&quot;focal_length&quot;:&quot;0&quot;,&quot;iso&quot;:&quot;0&quot;,&quot;shutter_speed&quot;:&quot;0&quot;,&quot;title&quot;:&quot;&quot;}\" data-image-title=\"rue_def_exp_v3_1024\" data-image-description=\"\" data-medium-file=\"https:\/\/www.archeo3d.net\/wp-content\/uploads\/rue_def_exp_v3_1024-300x179.jpg\" data-large-file=\"https:\/\/www.archeo3d.net\/wp-content\/uploads\/rue_def_exp_v3_1024.jpg\" \/>\n\t\t\t<\/dt>\n\t\t\t\t<dd class='wp-caption-text gallery-caption' id='gallery-1-607'>\n\t\t\t\tRue de l&rsquo;Abondance, Pomp\u00e9i\n\t\t\t\t<\/dd><\/dl><dl class='gallery-item'>\n\t\t\t<dt class='gallery-icon landscape'>\n\t\t\t\t<img width=\"150\" height=\"150\" src=\"https:\/\/www.archeo3d.net\/wp-content\/uploads\/stabies_ext_def_exp_1024-150x150.jpg\" class=\"attachment-thumbnail size-thumbnail\" alt=\"Thermes de Stabies, Pomp\u00e9i\" loading=\"lazy\" aria-describedby=\"gallery-1-606\" srcset=\"https:\/\/www.archeo3d.net\/wp-content\/uploads\/stabies_ext_def_exp_1024-150x150.jpg 150w, https:\/\/www.archeo3d.net\/wp-content\/uploads\/stabies_ext_def_exp_1024-100x100.jpg 100w\" sizes=\"(max-width: 150px) 100vw, 150px\" data-attachment-id=\"606\" data-permalink=\"https:\/\/www.archeo3d.net\/?attachment_id=606\" data-orig-file=\"https:\/\/www.archeo3d.net\/wp-content\/uploads\/stabies_ext_def_exp_1024.jpg\" data-orig-size=\"1024,724\" data-comments-opened=\"0\" data-image-meta=\"{&quot;aperture&quot;:&quot;0&quot;,&quot;credit&quot;:&quot;&quot;,&quot;camera&quot;:&quot;&quot;,&quot;caption&quot;:&quot;&quot;,&quot;created_timestamp&quot;:&quot;0&quot;,&quot;copyright&quot;:&quot;&quot;,&quot;focal_length&quot;:&quot;0&quot;,&quot;iso&quot;:&quot;0&quot;,&quot;shutter_speed&quot;:&quot;0&quot;,&quot;title&quot;:&quot;&quot;}\" data-image-title=\"stabies_ext_def_exp_1024\" data-image-description=\"\" data-medium-file=\"https:\/\/www.archeo3d.net\/wp-content\/uploads\/stabies_ext_def_exp_1024-300x212.jpg\" data-large-file=\"https:\/\/www.archeo3d.net\/wp-content\/uploads\/stabies_ext_def_exp_1024.jpg\" \/>\n\t\t\t<\/dt>\n\t\t\t\t<dd class='wp-caption-text gallery-caption' id='gallery-1-606'>\n\t\t\t\tThermes de Stabies, Pomp\u00e9i\n\t\t\t\t<\/dd><\/dl><dl class='gallery-item'>\n\t\t\t<dt class='gallery-icon landscape'>\n\t\t\t\t<img width=\"150\" height=\"150\" src=\"https:\/\/www.archeo3d.net\/wp-content\/uploads\/palestre_def_exp_1024-150x150.jpg\" class=\"attachment-thumbnail size-thumbnail\" alt=\"Palestre, Pomp\u00e9i\" loading=\"lazy\" aria-describedby=\"gallery-1-609\" srcset=\"https:\/\/www.archeo3d.net\/wp-content\/uploads\/palestre_def_exp_1024-150x150.jpg 150w, https:\/\/www.archeo3d.net\/wp-content\/uploads\/palestre_def_exp_1024-100x100.jpg 100w\" sizes=\"(max-width: 150px) 100vw, 150px\" data-attachment-id=\"609\" data-permalink=\"https:\/\/www.archeo3d.net\/?attachment_id=609\" data-orig-file=\"https:\/\/www.archeo3d.net\/wp-content\/uploads\/palestre_def_exp_1024.jpg\" data-orig-size=\"1024,461\" data-comments-opened=\"0\" data-image-meta=\"{&quot;aperture&quot;:&quot;0&quot;,&quot;credit&quot;:&quot;&quot;,&quot;camera&quot;:&quot;&quot;,&quot;caption&quot;:&quot;&quot;,&quot;created_timestamp&quot;:&quot;0&quot;,&quot;copyright&quot;:&quot;&quot;,&quot;focal_length&quot;:&quot;0&quot;,&quot;iso&quot;:&quot;0&quot;,&quot;shutter_speed&quot;:&quot;0&quot;,&quot;title&quot;:&quot;&quot;}\" data-image-title=\"palestre_def_exp_1024\" data-image-description=\"\" data-medium-file=\"https:\/\/www.archeo3d.net\/wp-content\/uploads\/palestre_def_exp_1024-300x135.jpg\" data-large-file=\"https:\/\/www.archeo3d.net\/wp-content\/uploads\/palestre_def_exp_1024.jpg\" \/>\n\t\t\t<\/dt>\n\t\t\t\t<dd class='wp-caption-text gallery-caption' id='gallery-1-609'>\n\t\t\t\tPalestre, Pomp\u00e9i\n\t\t\t\t<\/dd><\/dl><dl class='gallery-item'>\n\t\t\t<dt class='gallery-icon landscape'>\n\t\t\t\t<img width=\"150\" height=\"150\" src=\"https:\/\/www.archeo3d.net\/wp-content\/uploads\/odeon_def_exp_1024-150x150.jpg\" class=\"attachment-thumbnail size-thumbnail\" alt=\"Od\u00e9on, Pomp\u00e9i\" loading=\"lazy\" aria-describedby=\"gallery-1-610\" srcset=\"https:\/\/www.archeo3d.net\/wp-content\/uploads\/odeon_def_exp_1024-150x150.jpg 150w, https:\/\/www.archeo3d.net\/wp-content\/uploads\/odeon_def_exp_1024-100x100.jpg 100w\" sizes=\"(max-width: 150px) 100vw, 150px\" data-attachment-id=\"610\" data-permalink=\"https:\/\/www.archeo3d.net\/?attachment_id=610\" data-orig-file=\"https:\/\/www.archeo3d.net\/wp-content\/uploads\/odeon_def_exp_1024.jpg\" data-orig-size=\"1024,724\" data-comments-opened=\"0\" data-image-meta=\"{&quot;aperture&quot;:&quot;0&quot;,&quot;credit&quot;:&quot;&quot;,&quot;camera&quot;:&quot;&quot;,&quot;caption&quot;:&quot;&quot;,&quot;created_timestamp&quot;:&quot;0&quot;,&quot;copyright&quot;:&quot;&quot;,&quot;focal_length&quot;:&quot;0&quot;,&quot;iso&quot;:&quot;0&quot;,&quot;shutter_speed&quot;:&quot;0&quot;,&quot;title&quot;:&quot;&quot;}\" data-image-title=\"odeon_def_exp_1024\" data-image-description=\"\" data-medium-file=\"https:\/\/www.archeo3d.net\/wp-content\/uploads\/odeon_def_exp_1024-300x212.jpg\" data-large-file=\"https:\/\/www.archeo3d.net\/wp-content\/uploads\/odeon_def_exp_1024.jpg\" \/>\n\t\t\t<\/dt>\n\t\t\t\t<dd class='wp-caption-text gallery-caption' id='gallery-1-610'>\n\t\t\t\tOd\u00e9on, Pomp\u00e9i\n\t\t\t\t<\/dd><\/dl><br style=\"clear: both\" \/><dl class='gallery-item'>\n\t\t\t<dt class='gallery-icon portrait'>\n\t\t\t\t<img width=\"150\" height=\"150\" src=\"https:\/\/www.archeo3d.net\/wp-content\/uploads\/isis_def_exp_1024-150x150.jpg\" class=\"attachment-thumbnail size-thumbnail\" alt=\"Temple d&#039;Isis, Pomp\u00e9i\" loading=\"lazy\" aria-describedby=\"gallery-1-611\" srcset=\"https:\/\/www.archeo3d.net\/wp-content\/uploads\/isis_def_exp_1024-150x150.jpg 150w, https:\/\/www.archeo3d.net\/wp-content\/uploads\/isis_def_exp_1024-100x100.jpg 100w\" sizes=\"(max-width: 150px) 100vw, 150px\" data-attachment-id=\"611\" data-permalink=\"https:\/\/www.archeo3d.net\/?attachment_id=611\" data-orig-file=\"https:\/\/www.archeo3d.net\/wp-content\/uploads\/isis_def_exp_1024.jpg\" data-orig-size=\"969,1024\" data-comments-opened=\"0\" data-image-meta=\"{&quot;aperture&quot;:&quot;0&quot;,&quot;credit&quot;:&quot;&quot;,&quot;camera&quot;:&quot;&quot;,&quot;caption&quot;:&quot;&quot;,&quot;created_timestamp&quot;:&quot;0&quot;,&quot;copyright&quot;:&quot;&quot;,&quot;focal_length&quot;:&quot;0&quot;,&quot;iso&quot;:&quot;0&quot;,&quot;shutter_speed&quot;:&quot;0&quot;,&quot;title&quot;:&quot;&quot;}\" data-image-title=\"isis_def_exp_1024\" data-image-description=\"\" data-medium-file=\"https:\/\/www.archeo3d.net\/wp-content\/uploads\/isis_def_exp_1024-283x300.jpg\" data-large-file=\"https:\/\/www.archeo3d.net\/wp-content\/uploads\/isis_def_exp_1024.jpg\" \/>\n\t\t\t<\/dt>\n\t\t\t\t<dd class='wp-caption-text gallery-caption' id='gallery-1-611'>\n\t\t\t\tTemple d&rsquo;Isis, Pomp\u00e9i\n\t\t\t\t<\/dd><\/dl><dl class='gallery-item'>\n\t\t\t<dt class='gallery-icon landscape'>\n\t\t\t\t<img width=\"150\" height=\"150\" src=\"https:\/\/www.archeo3d.net\/wp-content\/uploads\/amphi_def_avec_rayons_1024-150x150.jpg\" class=\"attachment-thumbnail size-thumbnail\" alt=\"Amphith\u00e9\u00e2tre, Pomp\u00e9i\" loading=\"lazy\" aria-describedby=\"gallery-1-613\" srcset=\"https:\/\/www.archeo3d.net\/wp-content\/uploads\/amphi_def_avec_rayons_1024-150x150.jpg 150w, https:\/\/www.archeo3d.net\/wp-content\/uploads\/amphi_def_avec_rayons_1024-100x100.jpg 100w\" sizes=\"(max-width: 150px) 100vw, 150px\" data-attachment-id=\"613\" data-permalink=\"https:\/\/www.archeo3d.net\/?attachment_id=613\" data-orig-file=\"https:\/\/www.archeo3d.net\/wp-content\/uploads\/amphi_def_avec_rayons_1024.jpg\" data-orig-size=\"1024,724\" data-comments-opened=\"0\" data-image-meta=\"{&quot;aperture&quot;:&quot;0&quot;,&quot;credit&quot;:&quot;&quot;,&quot;camera&quot;:&quot;&quot;,&quot;caption&quot;:&quot;&quot;,&quot;created_timestamp&quot;:&quot;0&quot;,&quot;copyright&quot;:&quot;&quot;,&quot;focal_length&quot;:&quot;0&quot;,&quot;iso&quot;:&quot;0&quot;,&quot;shutter_speed&quot;:&quot;0&quot;,&quot;title&quot;:&quot;&quot;}\" data-image-title=\"amphi_def_avec_rayons_1024\" data-image-description=\"\" data-medium-file=\"https:\/\/www.archeo3d.net\/wp-content\/uploads\/amphi_def_avec_rayons_1024-300x212.jpg\" data-large-file=\"https:\/\/www.archeo3d.net\/wp-content\/uploads\/amphi_def_avec_rayons_1024.jpg\" \/>\n\t\t\t<\/dt>\n\t\t\t\t<dd class='wp-caption-text gallery-caption' id='gallery-1-613'>\n\t\t\t\tAmphith\u00e9\u00e2tre, Pomp\u00e9i\n\t\t\t\t<\/dd><\/dl>\n\t\t\t<br style='clear: both' \/>\n\t\t<\/div>\n\n","protected":false},"excerpt":{"rendered":"<p class=\"excerpt\"> <a href=\"https:\/\/www.archeo3d.net\/?page_id=1392\">Read more &rarr;<\/a><\/p>\n","protected":false},"author":1,"featured_media":0,"parent":505,"menu_order":0,"comment_status":"closed","ping_status":"closed","template":"","meta":{"spay_email":""},"jetpack_sharing_enabled":true,"jetpack_shortlink":"https:\/\/wp.me\/P9Yk8b-ms","_links":{"self":[{"href":"https:\/\/www.archeo3d.net\/index.php?rest_route=\/wp\/v2\/pages\/1392"}],"collection":[{"href":"https:\/\/www.archeo3d.net\/index.php?rest_route=\/wp\/v2\/pages"}],"about":[{"href":"https:\/\/www.archeo3d.net\/index.php?rest_route=\/wp\/v2\/types\/page"}],"author":[{"embeddable":true,"href":"https:\/\/www.archeo3d.net\/index.php?rest_route=\/wp\/v2\/users\/1"}],"replies":[{"embeddable":true,"href":"https:\/\/www.archeo3d.net\/index.php?rest_route=%2Fwp%2Fv2%2Fcomments&post=1392"}],"version-history":[{"count":3,"href":"https:\/\/www.archeo3d.net\/index.php?rest_route=\/wp\/v2\/pages\/1392\/revisions"}],"predecessor-version":[{"id":3124,"href":"https:\/\/www.archeo3d.net\/index.php?rest_route=\/wp\/v2\/pages\/1392\/revisions\/3124"}],"up":[{"embeddable":true,"href":"https:\/\/www.archeo3d.net\/index.php?rest_route=\/wp\/v2\/pages\/505"}],"wp:attachment":[{"href":"https:\/\/www.archeo3d.net\/index.php?rest_route=%2Fwp%2Fv2%2Fmedia&parent=1392"}],"curies":[{"name":"wp","href":"https:\/\/api.w.org\/{rel}","templated":true}]}}